 prime factors of g?
5
Let s = -5 + 14. Let l = 8 + s. What are the prime factors of l?
17
Let x(g) = g**2 - 3*g + 3. Let h be x(3). Suppose -h*l = l - 48. List the prime factors of l.
2, 3
Let s = -39 - -75. What are the prime factors of s?
2, 3
Suppose 57 = -7*s + 3*s - 3*u, -2*u - 13 = s. Let z = s + 21. What are the prime factors of z?
2, 3
Suppose 49 = 3*c - 68. What are the prime factors of c?
3, 13
Let x = -1 - -1. Let c be (-2)/(1 + 0) - -22. Suppose -4*g + 9*g - c = x. What are the prime factors of g?
2
Let z(t) = 23*t**2 - 2*t + 9. List the prime factors of z(2).
97
Let v be 3/(-3 + (-16)/(-6)). List the prime factors of (3/v)/(2/(-108)).
2, 3
Let g be 4/18 - 3047/(-99). Suppose 5*s - 6 = 4*s + 3*w, -5*w - g = -4*s. List the prime factors of s.
3
Suppose 4*l - 10 = -5*b, -10 = -6*b + b + l. Let x = 13 - b. What are the prime factors of x?
11
Let q(r) = -32*r + 1. Let h be q(-2). Suppose -9 + h = 4*f. What are the prime factors of f?
2, 7
Let h = 28 + -43. Let d be (-126)/h*(6 + -1). Suppose d + 22 = 4*a. List the prime factors of a.
2
Let o(v) = -5*v + 6. What are the prime factors of o(-6)?
2, 3
Let p = 214 - 111. What are the prime factors of p?
103
Let r(l) = -4*l**3 + 3*l**2 - l. Let v(b) = -3*b**3 + 3*b**2 + 1. Let f(q) = -2*r(q) + 3*v(q). What are the prime factors of f(3)?
3
Suppose -s = -v + 4*s + 26, -v - s - 4 = 0. What are the prime factors of v/(3/9) - -12?
3, 5
Let n be (-5 - -2)*48/(-18). Suppose -31 = 7*r - n*r. List the prime factors of r.
31
Let l(x) = x - 7. Let s be l(5). List the prime factors of 44/16 - s/8.
3
What are the prime factors of -7*15/(-6) - 1/(-2)?
2, 3
List the prime factors of (-1)/3 + 247/3.
2, 41
Let x = 17 - -1. List the prime factors of x.
2, 3
Let o = -41 - -156. Let b = o - 65. List the prime factors of b.
2, 5
Suppose 6*y = 4*y + 60. Suppose -2*a + y = d, -3*d + 150 = 2*d - 2*a. Suppose -4*o = -5*w - d, 3*o - 3*w = 34 - 10. List the prime factors of o.
2, 5
Let i(l) = -l**2 - 4*l. Let m be i(-3). Suppose -v - m*v = -4. What are the prime factors of 2/(v - -1) - -10?
11
Let l(y) = 2*y**2 - 11*y + 6. Let c be l(7). Let i = c - 17. What are the prime factors of i?
2, 5
Let y = 90 - 64. What are the prime factors of y?
2, 13
List the prime factors of (-23035)/(-75) + 8/(-60).
307
Suppose g = -5*p + 11, 0 + 2 = 2*g. Let w = 1 + p. Suppose 0 = 2*a + 4*u - 2*u - 4, 2*a - w*u = 4. List the prime factors of a.
2
Let i be (1 - 1/1) + -8. Let y = i - -11. What are the prime factors of y?
3
List the prime factors of 18/(-30) + 138/5.
3
Suppose -13 - 20 = -3*t. Let b = 4 + t. What are the prime factors of b?
3, 5
Let j(w) = -w + 4. Let z be j(8). List the prime factors of (91 + -3)*(-2)/z.
2, 11
Suppose 3*w + w - 120 = 0. What are the prime factors of w?
2, 3, 5
Let t(g) = 1 - g + 1 + 8 - g**2. Let b = -4 + 4. What are the prime factors of t(b)?
2, 5
What are the prime factors of (20/(-8))/(-1)*6?
3, 5
Suppose 0 = 2*q - 5*q - 4*f + 88, 3*q - 81 = 3*f. Suppose q = -o + 5*o. List the prime factors of o.
7
List the prime factors of (-6 - -76)*(-8)/(-10).
2, 7
Let p(w) = -5*w**3 - 3*w**2 - 3*w. Suppose -i - 8 = 3*i. What are the prime factors of p(i)?
2, 17
Suppose -3*a = -5*z - 41, 0*z = 5*z + a + 53. Let v(i) be the first derivative of i**4/4 + 3*i**3 - 11*i**2/2 - 3. List the prime factors of v(z).
2, 5
Let i be ((-6)/(-5))/((-5)/25). Let v = i - -10. Suppose -4*y + v*g + 24 = -2*y, y + 3*g = -8. List the prime factors of y.
2
Suppose -6*c = -231 - 429. What are the prime factors of c?
2, 5, 11
Suppose -2392 = -0*a - 8*a. List the prime factors of a.
13, 23
Let l(p) = p**2 + p - 3. What are the prime factors of l(4)?
17
Let x(p) = p + 12. Let b be x(-9). Suppose -30 = -5*k + 3*d, 0 = b*k + 3*d - 11 - 7. What are the prime factors of (k/(-5))/(2/(-20))?
2, 3
Suppose 0 = 3*q + 1 + 2, 0 = i - q - 58. List the prime factors of i.
3, 19
Suppose 0 = 2*k + 5*m + 36, 2*k - m - 8 + 56 = 0. Let y = k - -58. What are the prime factors of y?
5, 7
Let g be -3 + 6 - (4 + -1). Suppose g = 4*t + 4*n - 36, -n = 5*t - 33 - 20. List the prime factors of t + 3/(2 - 5).
2, 5
Let k = 59 + -51. List the prime factors of k.
2
Suppose l + 17 + 9 = 5*t, -l = t - 4. Let r(f) = -f**3 + 6*f**2 - 2*f. What are the prime factors of r(t)?
3, 5
Let x = 31 - -39. What are the prime factors of x?
2, 5, 7
Let m = 528 - 266. What are the prime factors of m?
2, 131
Suppose -32 - 9 = -r. List the prime factors of r.
41
Suppose -4*l - 2*l + 2580 = 0. What are the prime factors of l?
2, 5, 43
What are the prime factors of (44/3)/((-20)/(-90))?
2, 3, 11
Let b(c) = -c**3 - 5*c**2 + c + 7. Let o be (-2*2 - -1) + -2. What are the prime factors of b(o)?
2
Suppose 5*c = -h + 11, -4*h - c = -3*c - 88. What are the prime factors of h?
3, 7
Let h be (14/(-3))/(-4 + 28/6). Let a(i) = 13*i + 1. Let d be a(-1). Let y = h - d. What are the prime factors of y?
5
Let t be (-6 - -5)/((-2)/6). Let k = -4 + t. Let r = k + 4. List the prime factors of r.
3
List the prime factors of (-7 + 2)/(2/(-14)).
5, 7
List the prime factors of 83 - (-4)/8*6.
2, 43
Let d(u) = -3*u**3 + 15*u**2 + 22*u - 13. Let s(v) = v**3 - 7*v - 5*v**2 - 1 + 8 - 3. Let m(c) = 2*d(c) + 7*s(c). List the prime factors of m(6).
2
Suppose 4*b - 3*o = 51, 2*b - 13 = b + o. Let k = b + -7. What are the prime factors of k?
5
Let g(a) be the second derivative of a**5/20 + a**4/2 - 4*a**3/3 + 4*a**2 + 2*a. Let c be g(-7). List the prime factors of (c/6 + -1)*4.
2, 3
Let n(g) be the third derivative of -g**4/12 - 8*g**3/3 - 2*g**2. List the prime factors of n(-11).
2, 3
Let j = -43 + 61. Suppose 4*m = m + j. What are the prime factors of m?
2, 3
List the prime factors of -1 + 56 + (-3)/1.
2, 13
Let d = 1062 - 758. What are the prime factors of d?
2, 19
Let r be (-2)/((-4)/(-6)) - 3. Let t be -19*r/9*3. Suppose -2*g - q + 1 = -t, 0 = 4*q - 4. List the prime factors of g.
19
Let l be 6/(-4)*2/3. Let y = 8 - l. What are the prime factors of y?
3
Let b = -172 - -255. List the prime factors of b.
83
Suppose -6*s + 381 - 15 = 0. List the prime factors of s.
61
Suppose -144 + 33 = -3*c - 3*h, 2*c + 3*h - 73 = 0. Let d = -24 + c. What are the prime factors of d?
2, 7
Let z(y) = 2*y**2 - 2*y - 3. Let h be z(4). Suppose 9 = -5*c - h. List the prime factors of (c/(-5))/(3/10).
2
Let v(d) = -13*d**2 + 24*d - 4. Let p(j) = 3*j**2 - 6*j + 1. Let n(x) = 9*p(x) + 2*v(x). Let h be n(7). Let w = h - 2. List the prime factors of w.
2, 3
Let l = -21 - -15. Let c(r) = r**3 + 6*r**2 - 3*r + 2. Let w be c(l). Suppose -m = -4*h - w, m = -m - 4*h + 16. What are the prime factors of m?
2, 3
Suppose -4*y = -k + 60, -y = -k - 25 + 85. List the prime factors of k.
2, 3, 5
Let k(j) = 4*j**2 + j + 1. Let r be k(-1). Let u = 6 - r. Suppose -2*b - u*b = -16. List the prime factors of b.
2
Let g(o) = -o + 7. List the prime factors of g(5).
2
Suppose -3*h = -71 - 67. List the prime factors of h.
2, 23
Let a(k) = 10*k - 2. Let l(v) = 3*v - 1. Let r be 13 + 1 + -1 + -2. Let h(p) = r*l(p) - 4*a(p). List the prime factors of h(-2).
11
Suppose 0 = -6*j + 33 + 3. List the prime factors of j.
2, 3
Suppose 12*v - 824 = 868. What are the prime factors of v?
3, 47
Let k = -48 + 153. What are the prime factors of k?
3, 5, 7
Let n(z) = 7*z - 12*z + 7 + 0. What are the prime factors of n(-4)?
3
Let c(f) = -10*f - 1. Let m be c(-7). Let o = m + -97. What are the prime factors of o/(-6)*6/4?
7
Let i be 3 - (3 - (0 + 3)). Suppose 3*a - 105 = i*y, -4*y + 60 = -a + 2*a. Suppose -j + a = 4*j. List the prime factors of j.
2
Let u = 5 + -5. Suppose u*z + 3 = z. Suppose 16 = z*b - 5. List the prime factors of b.
7
Suppose f = 3*f - 12. List the prime factors of (-88)/(-5) - f/(-15).
2, 3
Let f = -101 - -146. List the prime factors of f.
3, 5
Let q be ((-16)/20)/(1/(-10)). Suppose 2*h + q = 3*h. List the prime factors of h.
2
Let t(w) = 2*w**2 + 2*w - 1. Let f be t(1). Suppose -3*g + f = -3. Suppose 0 = -5*p - g*k + 15, 0 = 4*p - k + 3*k - 10. List the prime factors of p.
5
Suppose -f + o = 4*o - 10, 0 = 2*f - 2*o - 4. Suppose 3*w + 16 = f*w. What are the prime factors of 6/18 + w/6?
3
Let b(o) be the first derivative of -o - 4 - 1/2*o**4 + 1/2*o**2 - 2/3*o**3. List the prime factors of b(-2).
5
Let v(r) = -17*r - 35. What are the prime factors of v(-10)?
